t(0). Suppose 4 = -2*x - 3*x - n, 4*x + 2 = -h*n. Is (-27 + 0 - x)/(-1) prime?
False
Is (3266 + -1)/(25/10) composite?
True
Let w be ((-2)/6)/(2/6). Suppose 0 = 5*o + 5*o. Is (w - o)*1547/(-13) composite?
True
Suppose -2 + 5 = -p + 5*n, 0 = 2*p + 4*n - 8. Suppose -1 = t + 4, 0 = -4*k + p*t + 1662. Is k a composite number?
True
Let j(r) = -649*r - 1. Let i be j(-3). Let q = i + -1177. Is q a composite number?
False
Suppose 3*m = -21*m + 305496. Is m a prime number?
False
Let t(g) = -10*g**3 - g**2 + 5*g - 4. Let w be t(-3). Suppose -w = 6*u - 3128. Is u prime?
False
Suppose 5*f - 2*f = 4*g + 31, g = -f + 1. Suppose -8*z = -4*z + b - f, z + 5*b = -13. Suppose z*l - 19 = l. Is l a composite number?
False
Let d = -1824 + 3337. Is d a prime number?
False
Let z be 30/8 + (-7)/(-28). Is 59 + 3 + -4 + 0 + z composite?
True
Suppose 54*z + 53671 = 190669. Is z a prime number?
False
Let t(q) = q**3 + 7*q**2 - 7*q + 7. Suppose -14 = -4*w - 38. Is t(w) composite?
True
Suppose -14*n + 1221 = -4869. Suppose -5*v + o = 4*o - 395, -5*v + n = -5*o. Is v prime?
False
Is (33/(-11))/((-6)/998) + 0 prime?
True
Suppose -4*f - f = 0. Suppose 3*v - 25 = -5*w, f*v = 2*v. Suppose 2*o = 5*b + 131, 0 = w*o - 2*b - 269 - 6. Is o composite?
False
Let w be (138/20 + (-14)/35)*-8. Is 7/(w/(-70) - 3/5) a prime number?
False
Is -8 - (-2)/2 - -2466 a prime number?
True
Let f(p) = 5*p**2 + p - 13. Let x(u) = -u**2 + u. Let r(j) = -f(j) - 4*x(j). Let t be r(-6). Suppose -3120 = -t*g + 79. Is g a prime number?
True
Let u be 104/28 - (-4)/14. Let r(v) = 74*v - 7. Is r(u) composite?
True
Let m(s) = 2*s**3 - 3*s**2 + 2*s - 1. Let k be m(2). Suppose -k*q + q = -1338. Is q a prime number?
True
Suppose -5*m = -8*a + 3*a - 675, 0 = -4*m - a + 560. Suppose 5*c - 406 = m. Is c composite?
False
Suppose 0 = -4*l - 67 - 3049. Let q = 1600 + l. Is q a prime number?
True
Suppose 3*x - 12278 = -2*s, 7*x - 2*x + 6139 = s. Is s prime?
False
Let n(v) be the second derivative of 11*v**3 + 9*v**2/2 + 3*v. Let f(j) = -65*j - 8. Let y(p) = -2*f(p) - 3*n(p). Is y(-5) a prime number?
False
Suppose 10542 = 2*m + w - 1944, 3*m + w - 18731 = 0. Is m prime?
False
Let d be -1 + (-16)/(-4) - 8. Let q(z) = -z**3 - 5*z**2 - 3*z + 6. Let w be q(d). Is w*3/18*46 a composite number?
True
Let y(l) = -3*l - 7. Let c(w) = w + 3. Let b(u) = -5*c(u) - 2*y(u). Let f(p) = 16*p + 3. Let z(i) = -4*b(i) + f(i). Is z(6) prime?
True
Let u be (-1 + -3 + 5)/(-1). Let j(k) = -127*k**2 + 2*k + 1. Let r be j(u). Let m = 35 - r. Is m a prime number?
True
Let y(g) = -1221*g + 488. Is y(-6) a composite number?
True
Suppose g + 9723 = 3*g + j, 9721 = 2*g - j. Is g a composite number?
False
Suppose -4*m = -r - 5992, 0 = -m + r + 1917 - 422. Is m composite?
False
Suppose 844 + 479 = -v. Let x = -744 - v. Is x a composite number?
True
Suppose 4*f + 3 = -o + 12, 2*f - 6 = -2*o. Suppose 21*c = 16*c - 5*i + 80, -2*c - 5*i + 20 = 0. Is (-10)/c + 375/f prime?
False
Let f(w) = 2*w**2 + 4*w + 5. Let l be ((-14)/35)/(2/10). Let h be f(l). Suppose 0 = -h*x + 6*x - 37. Is x composite?
False
Suppose -22970 = -3*v - 2*b - 5029, -4*v - 4*b = -23924. Is v a composite number?
True
Let j be -1 - (-2 + 2) - -4061. Suppose -12 = -4*r, 0*r = -5*u - 5*r + j. Is u composite?
False
Suppose -3*k = -5*q - 16502, -17*q + 12*q = -5*k + 27520. Is k a prime number?
False
Suppose -3*c = -2*c - 5. Let b(m) = m**2 + 57*m - 35. Let q be b(28). Suppose 0*p - q = -c*p. Is p prime?
False
Let g(c) = -c**2 + 10*c - 7. Let h be g(8). Let v be ((-1)/2)/((-2)/176). Suppose -w = -v + h. Is w a composite number?
True
Let g = 18 - 13. Suppose g*v - 9*v = -1916. Is v composite?
False
Let b(s) = -4*s**3 + 17*s**2 + 2*s + 9. Let v(g) = -5*g**3 + 18*g**2 + g + 8. Let d(q) = -6*b(q) + 5*v(q). Is d(-15) a composite number?
True
Let i be (2 + (-5)/(-5))*1. Suppose 2*q - 3487 = -3*k, -2*q = -i*k + k + 2318. Suppose -p - 3*u + 1166 = 0, -u - k = -p - 3*u. Is p composite?
False
Let s(l) = -1. Let x(t) = -139*t + 3. Let m(c) = -4*s(c) + x(c). Is m(-4) a composite number?
False
Let m(p) = 12*p + 16547. Is m(0) composite?
False
Let q be (-40)/20*(-2127)/2. Is (q/(-6))/(1/(-2)) composite?
False
Let c be (-11024)/(-14) + 8/14. Suppose i - 12 = -2*i. Suppose -2*m - 2*m + 773 = -s, -i*s = 4*m - c. Is m prime?
False
Let d(p) be the third derivative of -p**8/3360 - p**7/420 - p**6/120 - p**5/120 + p**4/24 + p**2. Let k(t) be the second derivative of d(t). Is k(-4) prime?
False
Is (-1336)/(-6) - (-11)/33 a prime number?
True
Let p be (-2 + (-4 - -6))/3. Suppose k + p*k = -9. Let a = k - -316. Is a a composite number?
False
Let s(b) = -20*b**3 - 17*b**2 - 36*b + 47. Is s(-8) a prime number?
False
Let n be 3 + -1*(-5 + 2). Let r be (-1 - n/(-3)) + -1002. Let d = -592 - r. Is d prime?
True
Suppose -25 + 9 = -4*j. Suppose v = j*z + 307, 0*v + 2*v - z - 614 = 0. Is v a prime number?
True
Let i(y) = 6*y + 2 - 3 - 7 - 7*y. Let a be i(-4). Let j = 27 + a. Is j prime?
True
Suppose 119*s = 62*s + 1784499. Is s a composite number?
False
Let v(w) = 4*w**3 + 2*w**2 + 3*w - 4. Let l be (1/(-3))/((-4)/36). Let k be v(l). Suppose x = 2*t - k, -t + 0*t + 52 = -5*x. Is t prime?
True
Let i(r) = r + 3. Let c be i(-1). Suppose -c*a = -a + 1. Is (-337)/2*(a - 1) composite?
False
Suppose -5*o + 41 = -919. Suppose -1 - 8 = 3*h, -5*m = h - o. Let t = m - -8. Is t a composite number?
False
Suppose 0 = -4*w + 37 - 21. Is ((-1)/(-3)*2)/(w/498) composite?
False
Let v be (-597)/(-4*(-9)/24). Is -3 + 4 + -4 - v a prime number?
False
Let u(a) = -2*a**3 + 16*a**2 + 14*a + 37. Is u(-10) a composite number?
True
Let b be (-72)/(2 - (-44)/(-16)). Suppose -2*p = -2*h - 46, -6*h + 3*h - 61 = -p. Let m = h + b. Is m a composite number?
True
Suppose 759*z - 756*z = 54969. Is z a composite number?
True
Is ((-3)/(-4))/(-9*(-17)/2378028) composite?
False
Suppose -5*t + 2*t = -9, 0 = -5*x + 2*t + 43069. Is x a prime number?
False
Let b = 1398 - 871. Let v = b - -836. Is v composite?
True
Let h = 65 - 62. Suppose -3*d = -5*v + 424, 2*d + 2*d - 237 = -h*v. Is v prime?
True
Let s = 2 + -1. Let o = 1 - s. Suppose -2*p + 0*p + 74 = o. Is p a prime number?
True
Suppose d = 5*j - 14 - 17, -3*j + 2*d = -13. Suppose -j*v - 12321 = -16*v. Is v prime?
False
Is (6/6)/1 + 792 a prime number?
False
Let h be (-151)/1 - 6*8/16. Let l = 635 + h. Is l composite?
True
Suppose 0 = 3*f - 2*d - 10781, d = -4*f + 13556 + 815. Is f composite?
False
Let h be (-762)/5 - 4*4/(-40). Let f = h - -459. Is f composite?
False
Let c = -88 + 162. Suppose 5*g = c + 1. Suppose 4*d - g = -2*y + 35, d - 2*y = 20. Is d composite?
True
Let p = 17611 - 9784. Is p composite?
True
Suppose 5*j + 4*z - 44 = 0, -5*j - 3*z = 2 - 45. Let p = 10 - j. Suppose p*x + 3*x = 215. Is x a composite number?
False
Let c(n) = 2*n**2 - n - 2. Let j be c(2). Let a be (-1)/j - 1972/(-16). Suppose -4*s - 2*f - 2*f = -460, -s = -f - a. Is s a composite number?
True
Let r(y) = -57*y - 1. Suppose -4*t - 64 = 16. Is r(t) a composite number?
True
Suppose -4*a = 174 + 142. Let u = 332 + a. Is u prime?
False
Let q(i) = 0 + 6*i**2 + 4 + i**3 + i**2. Let v be q(-5). Let f = 37 + v. Is f a prime number?
False
Let m = 486 - 303. Is m composite?
True
Suppose 5*t - 570 = -k, -3*t = -2*k - 3*k + 2766. Suppose -3*r = -4*j + k, 2*j + 3*r = 6 + 285. Is j prime?
False
Suppose 2*z + 4300 = 7*z. Suppose z = s - 6*s. Let f = 591 + s. Is f a prime number?
True
Suppose -72*a + 5*a + 945169 = 0. Is a composite?
False
Suppose 0 = -a - 2*x + 1744, -2*a - 5*x + 0*x + 3488 = 0. Let l = -3186 + a. Is l/(-21) - 2/(-6) a composite number?
True
Let q = 5 - -15. Suppose 0*b + q = 5*b. Suppose -h + 56 = -6*g + b*g, 4*h = -2*g + 174. Is h a composite number?
True
Suppose 5*h - 21960 = k, 6423 - 2027 = h - k. Is h a prime number?
True
Suppose 3*l + 3*f - 66093 = 0, -l + 4*f - 1588 + 23634 = 0. Is l/115 - (-6)/(-10) composite?
False
Is ((-2066)/4)/((-3)/42) prime?
False
Let o(g) = g**3 - g**2 - 5*g + 2. Suppose 25 = -0*j - 5*j, 5*r - 50 = -j. Let h(m) = m - 6. Let d be h(r). Is o(d) composite?
True
Let v(x) = 494*x**2 + 10 + 1 + 3*x - 2 + 24*x**2. Is v(-4) composite?
True
Let j(n) = -136*n**2 - 16*n - 16. Let u(y) = 27*y**2 + 3*y + 3. Let v(o) = -3*j(o) - 16*u(o). Let h be v(1). Is ((-70)/(-6))/((-8)/h) composite?
True
Suppose -i - 13 + 